, 1583
List the prime factors of 19969.
19, 1051
What are the prime factors of 27295412?
2, 97, 103, 683
List the prime factors of 1277617.
11, 19, 6113
What are the prime factors of 491356?
2, 122839
What are the prime factors of 862517?
41, 109, 193
List the prime factors of 8592187.
1627, 5281
List the prime factors of 491083.
491083
List the prime factors of 590903.
17, 34759
What are the prime factors of 288117?
3, 3557
What are the prime factors of 3296110?
2, 5, 47, 7013
List the prime factors of 245971.
11, 59, 379
What are the prime factors of 2176657?
7, 53, 5867
What are the prime factors of 32403156?
2, 3, 17, 193, 823
What are the prime factors of 720807?
3, 97, 2477
List the prime factors of 41699563.
4091, 10193
What are the prime factors of 335759?
71, 4729
What are the prime factors of 2962777?
17, 174281
What are the prime factors of 11079775?
5, 7, 63313
List the prime factors of 306824.
2, 7, 5479
List the prime factors of 170555.
5, 7, 11, 443
What are the prime factors of 9884404?
2, 2471101
List the prime factors of 131367.
3, 43789
What are the prime factors of 6273925?
5, 7, 35851
What are the prime factors of 554332?
2, 139, 997
List the prime factors of 22954538.
2, 11477269
What are the prime factors of 639642?
2, 3, 17, 6271
What are the prime factors of 38944244?
2, 23, 423307
What are the prime factors of 86403?
3, 83, 347
What are the prime factors of 328461?
3, 7, 15641
List the prime factors of 376571.
13, 83, 349
What are the prime factors of 9447432?
2, 3, 37, 10639
What are the prime factors of 114047?
59, 1933
List the prime factors of 4443792.
2, 3, 43, 2153
What are the prime factors of 20367449?
19, 59, 18169
List the prime factors of 45723.
3, 15241
List the prime factors of 580317.
3, 19, 10181
List the prime factors of 1465907.
19, 77153
List the prime factors of 1186120.
2, 5, 13, 2281
What are the prime factors of 33147?
3, 29, 127
What are the prime factors of 5515411?
11, 501401
List the prime factors of 19286.
2, 9643
List the prime factors of 6543613.
6543613
What are the prime factors of 2509254?
2, 3, 11, 19, 23, 29
List the prime factors of 214261.
167, 1283
What are the prime factors of 230871?
3, 41, 1877
What are the prime factors of 19210306?
2, 17, 401, 1409
What are the prime factors of 17614?
2, 8807
List the prime factors of 2639056.
2, 7, 23563
What are the prime factors of 464817?
3, 41, 3779
List the prime factors of 28580197.
53, 449, 1201
List the prime factors of 18687848.
2, 211, 11071
What are the prime factors of 885046?
2, 547, 809
List the prime factors of 802480.
2, 5, 7, 1433
List the prime factors of 3395584.
2, 829
List the prime factors of 5611630.
2, 5, 83, 6761
What are the prime factors of 226897?
11, 20627
List the prime factors of 2792517.
3, 7, 13, 53, 193
What are the prime factors of 5753168?
2, 103, 3491
What are the prime factors of 4218365?
5, 103, 8191
List the prime factors of 1312480.
2, 5, 13, 631
What are the prime factors of 2007107?
2007107
List the prime factors of 9593986.
2, 4796993
List the prime factors of 1642927.
11, 13, 11489
List the prime factors of 1682374.
2, 19, 44273
List the prime factors of 2065851.
3, 19, 4027
List the prime factors of 1809490.
2, 5, 180949
List the prime factors of 4912697.
19, 258563
List the prime factors of 354133.
13, 27241
What are the prime factors of 1715941?
797, 2153
List the prime factors of 1014390.
2, 3, 5, 13, 17
What are the prime factors of 443112?
2, 3, 37, 499
What are the prime factors of 1133814?
2, 3, 11, 41, 419
List the prime factors of 155711.
47, 3313
What are the prime factors of 216312?
2, 3, 9013
What are the prime factors of 1281439?
1281439
List the prime factors of 2395370.
2, 5, 31, 7727
What are the prime factors of 18344130?
2, 3, 5, 7, 12479
What are the prime factors of 257215?
5, 7, 7349
List the prime factors of 936179.
936179
List the prime factors of 250046.
2, 31, 37, 109
What are the prime factors of 2029200?
2, 3, 5, 19, 89
What are the prime factors of 719011?
719011
List the prime factors of 9400081.
661, 14221
List the prime factors of 882092.
2, 103, 2141
What are the prime factors of 3698625?
3, 5, 7, 1409
List the prime factors of 160430.
2, 5, 61, 263
What are the prime factors of 1433516?
2, 7, 51197
What are the prime factors of 489753?
3, 11, 17, 97
List the prime factors of 17228892.
2, 3, 1435741
What are the prime factors of 1327161?
3, 11, 131, 307
List the prime factors of 33973567.
173, 196379
List the prime factors of 258144.
2, 3, 2689
What are the prime factors of 474443?
474443
What are the prime factors of 16460182?
2, 17, 484123
What are the prime factors of 1055418?
2, 3, 7, 13, 1933
List the prime factors of 814032.
2, 3, 5653
What are the prime factors of 7565725?
5, 302629
What are the prime factors of 15477869?
11, 41, 34319
What are the prime factors of 2433570?
2, 3, 5, 81119
What are the prime factors of 2280977?
2280977
What are the prime factors of 15100123?
61, 73, 3391
List the prime factors of 1121773.
103, 10891
What are the prime factors of 2063867?
13, 158759
What are the prime factors of 113797?
113797
What are the prime factors of 4371866?
2, 29, 75377
What are the prime factors of 16701933?
3, 23, 242057
List the prime factors of 90557.
137, 661
What are the prime factors of 2401363?
79, 113, 269
What are the prime factors of 1493844?
2, 3, 11, 11317
List the prime factors of 2489982.
2, 3, 11, 31, 1217
List the prime factors of 4536572.
2, 1134143
List the prime factors of 1056195.
3, 5, 7, 479
What are the prime factors of 4758431?
1153, 4127
What are the prime factors of 480255?
3, 5, 101, 317
What are the prime factors of 13049960?
2, 5, 7, 11, 19, 223
List the prime factors of 456799.
7, 65257
List the prime factors of 2161666.
2, 13, 71, 1171
What are the prime factors of 21975713?
17, 41, 769
List the prime factors of 1389514.
2, 7, 99251
List the prime factors of 209730.
2, 3, 5, 6991
What are the prime factors of 58592?
2, 1831
What are the prime factors of 671089?
29, 73, 317
List the prime factors of 709054.
2, 41, 8647
List the prime factors of 76728.
2, 3, 23, 139
What are the prime factors of 810027?
3, 19, 1579
What are the prime factors of 20079007?
13, 1063, 1453
What are the prime factors of 1157484?
2, 3, 96457
List the prime factors of 4592581.
7, 443, 1481
List the prime factors of 278470.
2, 5, 27847
List the prime factors of 15294054.
2, 3, 2549009
What are the prime factors of 71630?
2, 5, 13, 19, 29
List the prime factors of 675597.
3, 13, 17, 1019
List the prime factors of 948841.
19, 49939
List the prime factors of 300039.
3, 103, 971
What are the prime factors of 10783097?
13, 829469
List the prime factors of 6697577.
23, 291199
What are the prime factors of 2167735?
5, 73, 5939
What are the prime factors of 10966?
2, 5483
List the prime factors of 2408143.
101, 113, 211
List the prime factors of 631606.
2, 315803
List the prime factors of 137260.
2, 5, 6863
List the prime factors of 1370952.
2, 3, 11, 577
List the prime factors of 13375.
5, 107
What are the prime factors of 842997?
3, 487, 577
List the prime factors of 3842443.
11, 349313
What are the prime factors of 2532862?
2, 1266431
List the prime factors of 2564340.
2, 3, 5, 79, 541
What are the prime factors of 1567266?
2, 3, 23, 41, 277
List the prime factors of 6208420.
2, 5, 53, 5857
List the prime factors of 143315.
5, 28663
List the prime factors of 21690301.
3499, 6199
List the prime factors of 392093.
13, 30161
List the prime factors of 174596.
2, 43649
What are the prime factors of 4632072?
2, 3, 193003
What are the prime factors of 12516542?
2, 6258271
What are the prime factors of 448686?
2, 3, 7, 1187
List the prime factors of 7566173.
17, 445069
What are the prime factors of 56888?
2, 13, 547
List the prime factors of 2904516.
2, 3, 80681
List the prime factors of 3114149.
211, 14759
List the prime factors of 212944.
2, 13309
What are the prime factors of 14280614?
2, 7140307
List the prime factors of 4026845.
5, 805369
What are the prime factors of 67900?
2, 5, 7, 97
List the prime factors of 12756538.
2, 197, 32377
List the prime factors of 3307480.
2, 5, 11, 7517
List the prime factors of 6277703.
6277703
What are the prime facto